u - 21. What is h(-14)?
-21
Let s(o) = -o**2 - 6*o - 4. Calculate s(-2).
4
Let x(b) = -b**3 - 3*b**2 - 7*b - 9. Determine x(-2).
1
Let k(i) = -i + 4. Determine k(-6).
10
Let h(j) = 4*j + 12. Calculate h(-9).
-24
Let y(q) = q**2 - 17*q - 45. Calculate y(19).
-7
Let w(v) = -6*v - 94. What is w(-12)?
-22
Let a(h) = -3*h**3 + 4*h**2 + 4*h - 5. Calculate a(2).
-5
Let u(o) = o - 11. Calculate u(6).
-5
Let v(n) = -n**2 + 27*n + 82. Determine v(30).
-8
Let q(s) = 7*s + 15. Calculate q(6).
57
Let i(h) = -h**3 - 9*h**2 - 6*h + 11. Calculate i(-8).
-5
Let u(a) = a**3 - 6*a**2 - 9*a + 17. Determine u(7).
3
Let z(g) = 10*g - 5. Give z(0).
-5
Let q(b) = b**3 - 10*b**2 - 4*b - 13. Determine q(11).
64
Let p(v) = v + 14. Determine p(-11).
3
Let v(c) = -c - 2. Determine v(-6).
4
Let v(r) = -r**3 - 49. Give v(0).
-49
Let o(l) = l**3 - 15*l**2 - 5*l + 10. Determine o(15).
-65
Let j(n) = n**3 - n**2 - 7. What is j(0)?
-7
Let r(j) = j + 26. Calculate r(0).
26
Let j(s) = -s**2 + 8*s - 20. Determine j(3).
-5
Let d(o) = -3*o**2 - 6*o - 9. Determine d(-4).
-33
Let j(n) = n**3 + 2*n**2 + 4*n + 4. Determine j(-3).
-17
Let g(k) = k + 12. What is g(-9)?
3
Let o(u) = u**3 + 11*u + 5. Give o(0).
5
Let f(m) = -m**3 - 6*m**2 - 3*m + 7. Give f(-4).
-13
Let b(c) = c**3 + 4*c**2 - 6*c + 5. Determine b(-5).
10
Let k(p) = 5*p**2 + 3*p - 14. Determine k(-2).
0
Let f(o) = -4*o**3 + o**2 + o - 1. What is f(-1)?
3
Let o(h) = h**2 + 6*h + 4. Give o(-6).
4
Let d(w) = -5*w + 44. Calculate d(26).
-86
Let i(s) = -s**2 - 7*s + 14. Give i(-10).
-16
Let c(z) = -74*z - 357. Give c(-5).
13
Let g(z) = z**3 - 12*z**2 - 5*z + 55. Calculate g(12).
-5
Let t(a) = -13*a**3 + a**2 - a - 2. Determine t(-1).
13
Let o(d) = -d**3 - 6*d**2 + 24*d - 14. Determine o(-9).
13
Let n(d) = -2*d**3 + 2*d - 2. What is n(1)?
-2
Let k(p) = 111*p**3 - p**2 - 5*p - 3. Determine k(-1).
-110
Let k(l) = -2*l + 51. What is k(27)?
-3
Let l(s) = 2*s - 44. Determine l(23).
2
Let x(o) = o**2 + 50*o - 534. Determine x(-59).
-3
Let o(r) = -r**2 + r + 5. What is o(5)?
-15
Let b(r) = -12*r**3 + r**2 - r. Determine b(1).
-12
Let t(m) = -m - 2. Calculate t(-2).
0
Let q(t) = -t**3 + 2*t**2 + t + 8. Determine q(0).
8
Let r(d) = -d**2 - 13*d + 52. Calculate r(-16).
4
Let o(g) = g**3 + 16*g**2 - 32*g + 75. Give o(-18).
3
Let v(b) = -b**3 + 5*b**2 - 4*b + 12. Give v(5).
-8
Let x(q) = -q**3 + q**2 + 2*q - 1. What is x(1)?
1
Let y(j) = j**2 - 3*j - 23. Calculate y(-10).
107
Let a(o) = 14*o + 1. What is a(6)?
85
Let m(n) = -29*n - 3. What is m(2)?
-61
Let m(x) = -x**2 - 2*x - 6. What is m(-5)?
-21
Let b(d) = d**3 + 6*d**2 - 16*d + 1. Calculate b(-8).
1
Let m(t) = 4*t - 28. Give m(-19).
-104
Let g(c) = -c**2 - 6*c - 5. What is g(-6)?
-5
Let w(r) = 2*r**3 + 33*r**2 - 17*r - 5. What is w(-17)?
-5
Let v(k) = 2*k**3 + 19*k**2 - 9*k + 9. What is v(-10)?
-1
Let w(j) = j**3 - 4*j**2 + 3*j + 1. Calculate w(2).
-1
Let w(b) = -13*b + 11. Determine w(17).
-210
Let f(n) = -n**2 - 17*n. Calculate f(-18).
-18
Let r(c) = -c + 23. Determine r(-15).
38
Let j(s) = 11*s - 2. Give j(3).
31
Let n(c) = 3*c**2 + 2*c - 2. Give n(1).
3
Let v(h) = 9*h**2 + h. Calculate v(-2).
34
Let m(u) = -u**3 + 11*u**2 + 12*u - 4. Calculate m(12).
-4
Let y(p) = -3*p + 62. Determine y(38).
-52
Let l(t) = 15*t + 4. Determine l(6).
94
Let a(r) = -2*r**3 - r**2 - 2*r - 3. Determine a(-2).
13
Let i(w) = 3*w - 47. What is i(15)?
-2
Let d(i) = -6*i + 18. Determine d(3).
0
Let y(m) = m**3 - 5*m**2 - 22*m - 5. Determine y(8).
11
Let r(p) = -2*p**3 - p - 5. What is r(3)?
-62
Let g(d) = -d**2 + 52*d - 300. Give g(46).
-24
Let r(f) = 4*f - 20. Calculate r(-25).
-120
Let l(u) = 70*u - 704. Calculate l(10).
-4
Let u(l) = 2*l + 7. Give u(4).
15
Let a(z) = -z - 6. Calculate a(-8).
2
Let l(x) = -7*x + 20. Calculate l(14).
-78
Let g(y) = -9*y**2 + 4*y - 2. Calculate g(2).
-30
Let f(t) = t + 18. What is f(-13)?
5
Let s(y) = -2*y + 2. Give s(-7).
16
Let g(v) = 4*v - 9. Determine g(-6).
-33
Let m(d) = -6*d**3 + 5*d + 4. What is m(-1)?
5
Let h(n) = n**3 - 7*n**2 + 4*n - 2. Calculate h(6).
-14
Let s(c) = c**3 - 15*c**2 - 2. Give s(15).
-2
Let r(t) = 2*t**3 + 9*t**2 - 6*t - 10. Determine r(-5).
-5
Let x(m) = 17*m**2 - m - 6. What is x(-2)?
64
Let a(b) = -2*b**3 - 2*b**2 - 3*b - 2. Calculate a(-2).
12
Let d(y) = -14*y + 70. What is d(7)?
-28
Let m(o) = -o**3 - 3*o**2 - 2*o - 2. Calculate m(-3).
4
Let l(h) = 19*h + 11. Calculate l(-7).
-122
Let j(z) = 22*z**2 + 16*z - 1. What is j(-1)?
5
Let g(f) = -f**3 - 7*f**2 + 7*f - 13. Calculate g(-8).
-5
Let r(u) = -53*u - 10. Give r(-2).
96
Let z(j) = -2*j**2 + 31*j - 67. What is z(2)?
-13
Let s(r) = -r**3 - 4*r**2 - 3*r - 2. What is s(-4)?
10
Let p(v) = 12*v + 1. Calculate p(-2).
-23
Let x(u) = -9*u - 118. Give x(-14).
8
Let v(s) = -s**3 + 6*s**2 + s. Give v(6).
6
Let n(z) = -z**3 - 32*z**2 + 33*z + 25. Give n(-33).
25
Let r(t) = -t**3 + 4*t**2 - 3*t + 1. Give r(4).
-11
Let l(q) = 48*q - 10. Give l(2).
86
Let n(u) = 2*u**2 - u - 4. Give n(-2).
6
Let y(o) = -o**3 - 16*o**2 - 27*o + 31. Calculate y(-14).
17
Let p(m) = -31*m**2 + 189*m + 1. What is p(6)?
19
Let n(s) = -18*s + 21. What is n(-2)?
57
Let v(d) = -17*d - 9. Calculate v(-2).
25
Let y(t) = 9*t - 2. Determine y(-5).
-47
Let j(h) = -7*h - 14. What is j(6)?
-56
Let u(f) = 10*f**2 - 1. Calculate u(-1).
9
Let z(l) = 10*l - 17. Give z(-22).
-237
Let h(t) = -21*t + 64. Give h(7).
-83
Let i(r) = r**3 + 8*r**2 + 7*r - 7. Determine i(-7).
-7
Let x(p) = -29*p**2 + 83*p + 11. Calculate x(3).
-1
Let m(f) = -3*f - 20. Determine m(-10).
10
Let y(l) = -l**3 - 19*l**2 - 3. Calculate y(-19).
-3
Let l(n) = n**3 - 19*n**2 + 34*n - 5. Give l(17).
-5
Let d(m) = 5*m + 5. Calculate d(0).
5
Let z(f) = -f**2 - 2*f - 9. What is z(0)?
-9
Let r(y) = y**2 - 40*y + 315. Calculate r(29).
-4
Let f(g) = g**2 - 5*g - 2. Determine f(-6).
64
Let n(r) = r**3 - 4*r**2 - r - 5. What is n(6)?
61
Let l(x) = -x**2 + 7*x - 16. Calculate l(6).
-10
Let n(d) = d**2 - 2*d - 1. Calculate n(3).
2
Let j(n) = 2*n - 2. Calculate j(-10).
-22
Let o(x) = -15*x**3 - 2*x**2 - 2*x - 1. Determine o(-1).
14
Let p(j) = -j - 28. Give p(-32).
4
Let m(t) = t**2 + 3*t + 6. Give m(-4).
10
Let b(f) = -f + 11. Calculate b(12).
-1
Let r(u) = u**2 + 16*u - 95. What is r(-22)?
37
Let d(w) = -w**3 + 17*w**2 + 35*w + 21. What is d(19)?
-36
Let d(q) = q**2 + 13*q - 26. What is d(-12)?
-38
Let i(g) = g**3 - g**2 + g - 3. Calculate i(0).
-3
Let b(n) = -n**2 + 9*n + 2. Calculate b(8).
10
Let d(w) = -w**2 - 29*w - 122. Give d(-5).
-2
Let z(p) = p**3 - 4*p**2 - 3*p + 1. What is z(-1)?
-1
Let u(w) = -34*w - 15. Determine u(-1).
19
Let j(k) = -k**2 - 14*k - 18. Determine j(-15).
-33
Let v(p) = -3*p + 21. Calculate v(19).
-36
Let t(n) = n - 1. Determine t(4).
3
Let l(w) = 7*w + 28. What is l(-10)?
-42
Let n(c) = c**3 - 26*c**2 + 65*c + 90. What is n(23)?
-2
Let s(x) = 2*x + 10. What is s(-9)?
-8
Let d(z) = -8*z - 6. Calculate d(3).
-30
Let n(b) = -b - 9. What is n(-10)?
1
Let g(d) = 3*d**3 - 3*d. Give g(-3).
-72
Let n(i) = -i**3 - 10*i**2 + 17*i + 64. What is n(-11)?
-2
Let o(b) = -2*b**2 + 3*b - 1. Determine o(-2).
-15
Let q(b) = -b**3 + 11*b**2 - 8*b - 18. Determine q(10).
2
Let h(k) = k + 4. Calculate h(0).
4
Let o(w) = -3*w + 38. Determine o(17).
-13
Let y(f) = f**2 + 7*f + 6. Determine y(-6).
0
Let m(o) = -o**3 + 8*o**2 - 7*o - 9. Give m(6).
21
Let j(l) = -l**2 - 16*l - 7. Give j(-15).
8
Let o(a) = -12*a + 43. What is o(4)?
-5
Let a(q) = q**3 + 7*q**2 + 6*q + 6. Determine a(-6).
6
Let j(w) = -w**2 + 36*w + 73. Determine j(-2).
-3
Let x(o) = -o**3 + 4*o**2 + 6*o - 6. Determine x(5).
-1
Let w(c) = c**3 + 8*c**2 + 5*c - 1. Calculate w(-8).
-41
Let f(b) = -b**2 + 11*b - 16. Give f(9).
2
Let c(h) = -h**3 - 27*h**2 - 46*h + 106. What is c(-25)?
6
Let j(f) = -f**2 + f - 1. Give j(-5).
-31
Let u(l) = -l**3 - 9*l**2 - 34. Determine u(-9).
-34
Let b(c) = 2*c + 36. Determine b(-20).
-4
Let b(h) = -h**3 - 13*h**2 - h + 7. Calculate b(-13).
20
Let u(a) = 2*a**2 + 25*a + 69. Calculate u(-9).
6
Let x(q) = 3*q**2 + 2*q + 1. What is x(-4)?
41
Let x(t) = -4*t**3 - 26*t**2 - 10*t + 4. Determine x(-6).
-8
Let r(c) = -c**2 + 3*c + 12. Determine r(10).
-58
Let q(h) = h**2 - 8*h - 2. Calculate q(8).
-2
Let k(p) = -p**3 - 3*p**2 + 16*p + 45. What is k(-3)?
-3
Let s(p) = p**3 - p**2 + p + 40. Give s(0).
4